{"id":13690,"date":"2021-04-30T21:35:44","date_gmt":"2021-04-30T21:35:44","guid":{"rendered":"https:\/\/caritasrosario.com.ar\/inicio\/?page_id=13690"},"modified":"2021-04-30T21:38:14","modified_gmt":"2021-04-30T21:38:14","slug":"area-educacion","status":"publish","type":"page","link":"https:\/\/caritasrosario.com.ar\/inicio\/area-educacion\/","title":{"rendered":"\u00c1rea Educaci\u00f3n"},"content":{"rendered":"\t\t<div data-elementor-type=\"wp-page\" data-elementor-id=\"13690\" class=\"elementor elementor-13690\">\n\t\t\t\t\t\t<section class=\"elementor-section elementor-top-section elementor-element elementor-element-3bbf694 elementor-section-boxed elementor-section-height-default elementor-section-height-default\" data-id=\"3bbf694\" data-element_type=\"section\">\n\t\t\t\t\t\t<div class=\"elementor-container elementor-column-gap-default\">\n\t\t\t\t\t<div class=\"elementor-column elementor-col-100 elementor-top-column elementor-element elementor-element-cec7ca7\" data-id=\"cec7ca7\" data-element_type=\"column\">\n\t\t\t<div class=\"elementor-widget-wrap elementor-element-populated\">\n\t\t\t\t\t\t<div class=\"elementor-element elementor-element-14f919c elementor-widget elementor-widget-text-editor\" data-id=\"14f919c\" data-element_type=\"widget\" data-widget_type=\"text-editor.default\">\n\t\t\t\t<div class=\"elementor-widget-container\">\n\t\t\t\t\t\t\t\t\t<p><span style=\"color: #0c0b4f;\"><strong>RESPONSABLE:<\/strong><b>Norma Duarte<\/b><\/span><\/p><p class=\"p1\"><span style=\"color: #0c0b4f;\">Esta \u00e1rea es de reciente formaci\u00f3n en nuestra C\u00e1ritas Arquidiocesana, tiene como objetivo lograr la promoci\u00f3n educativa de ni\u00f1os, adolescentes o adultos en situaci\u00f3n de vulnerabilidad, siguiendo los lineamientos de C\u00e1ritas Nacional y encuadrado en el accionar del territorio en el cu\u00e1l se trabajar\u00e1 (C\u00e1ritas Parroquial)<\/span><\/p>\t\t\t\t\t\t\t\t<\/div>\n\t\t\t\t<\/div>\n\t\t\t\t\t<\/div>\n\t\t<\/div>\n\t\t\t\t\t<\/div>\n\t\t<\/section>\n\t\t\t\t<\/div>\n\t\t","protected":false},"excerpt":{"rendered":"<p>RESPONSABLE:Norma Duarte Esta \u00e1rea es de reciente formaci\u00f3n en nuestra C\u00e1ritas Arquidiocesana, tiene como objetivo lograr la promoci\u00f3n educativa de ni\u00f1os, adolescentes o adultos en situaci\u00f3n de vulnerabilidad, siguiendo los lineamientos de C\u00e1ritas Nacional y encuadrado en el accionar del territorio en el cu\u00e1l se trabajar\u00e1 (C\u00e1ritas Parroquial)<\/p>\n","protected":false},"author":2,"featured_media":0,"parent":0,"menu_order":0,"comment_status":"closed","ping_status":"closed","template":"","meta":{"footnotes":""},"class_list":["post-13690","page","type-page","status-publish","hentry"],"yoast_head":"<!-- This site is optimized with the Yoast SEO plugin v27.5 - https:\/\/yoast.com\/product\/yoast-seo-wordpress\/ -->\n<title>\u00c1rea Educaci\u00f3n - Caritas Rosario<\/title>\n<meta name=\"robots\" content=\"index, follow, max-snippet:-1, max-image-preview:large, max-video-preview:-1\" \/>\n<link rel=\"canonical\" href=\"https:\/\/caritasrosario.com.ar\/inicio\/area-educacion\/\" \/>\n<meta property=\"og:locale\" content=\"es_ES\" \/>\n<meta property=\"og:type\" content=\"article\" \/>\n<meta property=\"og:title\" content=\"\u00c1rea Educaci\u00f3n - Caritas Rosario\" \/>\n<meta property=\"og:description\" content=\"RESPONSABLE:Norma Duarte Esta \u00e1rea es de reciente formaci\u00f3n en nuestra C\u00e1ritas Arquidiocesana, tiene como objetivo lograr la promoci\u00f3n educativa de ni\u00f1os, adolescentes o adultos en situaci\u00f3n de vulnerabilidad, siguiendo los lineamientos de C\u00e1ritas Nacional y encuadrado en el accionar del territorio en el cu\u00e1l se trabajar\u00e1 (C\u00e1ritas Parroquial)\" \/>\n<meta property=\"og:url\" content=\"https:\/\/caritasrosario.com.ar\/inicio\/area-educacion\/\" \/>\n<meta property=\"og:site_name\" content=\"Caritas Rosario\" \/>\n<meta property=\"article:modified_time\" content=\"2021-04-30T21:38:14+00:00\" \/>\n<meta name=\"twitter:card\" content=\"summary_large_image\" \/>\n<script type=\"application\/ld+json\" class=\"yoast-schema-graph\">{\"@context\":\"https:\\\/\\\/schema.org\",\"@graph\":[{\"@type\":\"WebPage\",\"@id\":\"https:\\\/\\\/caritasrosario.com.ar\\\/inicio\\\/area-educacion\\\/\",\"url\":\"https:\\\/\\\/caritasrosario.com.ar\\\/inicio\\\/area-educacion\\\/\",\"name\":\"\u00c1rea Educaci\u00f3n - Caritas Rosario\",\"isPartOf\":{\"@id\":\"https:\\\/\\\/caritasrosario.com.ar\\\/inicio\\\/#website\"},\"datePublished\":\"2021-04-30T21:35:44+00:00\",\"dateModified\":\"2021-04-30T21:38:14+00:00\",\"breadcrumb\":{\"@id\":\"https:\\\/\\\/caritasrosario.com.ar\\\/inicio\\\/area-educacion\\\/#breadcrumb\"},\"inLanguage\":\"es\",\"potentialAction\":[{\"@type\":\"ReadAction\",\"target\":[\"https:\\\/\\\/caritasrosario.com.ar\\\/inicio\\\/area-educacion\\\/\"]}]},{\"@type\":\"BreadcrumbList\",\"@id\":\"https:\\\/\\\/caritasrosario.com.ar\\\/inicio\\\/area-educacion\\\/#breadcrumb\",\"itemListElement\":[{\"@type\":\"ListItem\",\"position\":1,\"name\":\"Portada\",\"item\":\"https:\\\/\\\/caritasrosario.com.ar\\\/inicio\\\/\"},{\"@type\":\"ListItem\",\"position\":2,\"name\":\"\u00c1rea Educaci\u00f3n\"}]},{\"@type\":\"WebSite\",\"@id\":\"https:\\\/\\\/caritasrosario.com.ar\\\/inicio\\\/#website\",\"url\":\"https:\\\/\\\/caritasrosario.com.ar\\\/inicio\\\/\",\"name\":\"Caritas Rosario\",\"description\":\"Bienvenidos\",\"publisher\":{\"@id\":\"https:\\\/\\\/caritasrosario.com.ar\\\/inicio\\\/#organization\"},\"potentialAction\":[{\"@type\":\"SearchAction\",\"target\":{\"@type\":\"EntryPoint\",\"urlTemplate\":\"https:\\\/\\\/caritasrosario.com.ar\\\/inicio\\\/?s={search_term_string}\"},\"query-input\":{\"@type\":\"PropertyValueSpecification\",\"valueRequired\":true,\"valueName\":\"search_term_string\"}}],\"inLanguage\":\"es\"},{\"@type\":\"Organization\",\"@id\":\"https:\\\/\\\/caritasrosario.com.ar\\\/inicio\\\/#organization\",\"name\":\"Caritas Rosario\",\"url\":\"https:\\\/\\\/caritasrosario.com.ar\\\/inicio\\\/\",\"logo\":{\"@type\":\"ImageObject\",\"inLanguage\":\"es\",\"@id\":\"https:\\\/\\\/caritasrosario.com.ar\\\/inicio\\\/#\\\/schema\\\/logo\\\/image\\\/\",\"url\":\"https:\\\/\\\/caritasrosario.com.ar\\\/inicio\\\/wp-content\\\/uploads\\\/2021\\\/04\\\/cropped-cropped-caritas.png\",\"contentUrl\":\"https:\\\/\\\/caritasrosario.com.ar\\\/inicio\\\/wp-content\\\/uploads\\\/2021\\\/04\\\/cropped-cropped-caritas.png\",\"width\":166,\"height\":199,\"caption\":\"Caritas Rosario\"},\"image\":{\"@id\":\"https:\\\/\\\/caritasrosario.com.ar\\\/inicio\\\/#\\\/schema\\\/logo\\\/image\\\/\"}}]}<\/script>\n<!-- \/ Yoast SEO plugin. -->","yoast_head_json":{"title":"\u00c1rea Educaci\u00f3n - Caritas Rosario","robots":{"index":"index","follow":"follow","max-snippet":"max-snippet:-1","max-image-preview":"max-image-preview:large","max-video-preview":"max-video-preview:-1"},"canonical":"https:\/\/caritasrosario.com.ar\/inicio\/area-educacion\/","og_locale":"es_ES","og_type":"article","og_title":"\u00c1rea Educaci\u00f3n - Caritas Rosario","og_description":"RESPONSABLE:Norma Duarte Esta \u00e1rea es de reciente formaci\u00f3n en nuestra C\u00e1ritas Arquidiocesana, tiene como objetivo lograr la promoci\u00f3n educativa de ni\u00f1os, adolescentes o adultos en situaci\u00f3n de vulnerabilidad, siguiendo los lineamientos de C\u00e1ritas Nacional y encuadrado en el accionar del territorio en el cu\u00e1l se trabajar\u00e1 (C\u00e1ritas Parroquial)","og_url":"https:\/\/caritasrosario.com.ar\/inicio\/area-educacion\/","og_site_name":"Caritas Rosario","article_modified_time":"2021-04-30T21:38:14+00:00","twitter_card":"summary_large_image","schema":{"@context":"https:\/\/schema.org","@graph":[{"@type":"WebPage","@id":"https:\/\/caritasrosario.com.ar\/inicio\/area-educacion\/","url":"https:\/\/caritasrosario.com.ar\/inicio\/area-educacion\/","name":"\u00c1rea Educaci\u00f3n - Caritas Rosario","isPartOf":{"@id":"https:\/\/caritasrosario.com.ar\/inicio\/#website"},"datePublished":"2021-04-30T21:35:44+00:00","dateModified":"2021-04-30T21:38:14+00:00","breadcrumb":{"@id":"https:\/\/caritasrosario.com.ar\/inicio\/area-educacion\/#breadcrumb"},"inLanguage":"es","potentialAction":[{"@type":"ReadAction","target":["https:\/\/caritasrosario.com.ar\/inicio\/area-educacion\/"]}]},{"@type":"BreadcrumbList","@id":"https:\/\/caritasrosario.com.ar\/inicio\/area-educacion\/#breadcrumb","itemListElement":[{"@type":"ListItem","position":1,"name":"Portada","item":"https:\/\/caritasrosario.com.ar\/inicio\/"},{"@type":"ListItem","position":2,"name":"\u00c1rea Educaci\u00f3n"}]},{"@type":"WebSite","@id":"https:\/\/caritasrosario.com.ar\/inicio\/#website","url":"https:\/\/caritasrosario.com.ar\/inicio\/","name":"Caritas Rosario","description":"Bienvenidos","publisher":{"@id":"https:\/\/caritasrosario.com.ar\/inicio\/#organization"},"potentialAction":[{"@type":"SearchAction","target":{"@type":"EntryPoint","urlTemplate":"https:\/\/caritasrosario.com.ar\/inicio\/?s={search_term_string}"},"query-input":{"@type":"PropertyValueSpecification","valueRequired":true,"valueName":"search_term_string"}}],"inLanguage":"es"},{"@type":"Organization","@id":"https:\/\/caritasrosario.com.ar\/inicio\/#organization","name":"Caritas Rosario","url":"https:\/\/caritasrosario.com.ar\/inicio\/","logo":{"@type":"ImageObject","inLanguage":"es","@id":"https:\/\/caritasrosario.com.ar\/inicio\/#\/schema\/logo\/image\/","url":"https:\/\/caritasrosario.com.ar\/inicio\/wp-content\/uploads\/2021\/04\/cropped-cropped-caritas.png","contentUrl":"https:\/\/caritasrosario.com.ar\/inicio\/wp-content\/uploads\/2021\/04\/cropped-cropped-caritas.png","width":166,"height":199,"caption":"Caritas Rosario"},"image":{"@id":"https:\/\/caritasrosario.com.ar\/inicio\/#\/schema\/logo\/image\/"}}]}},"_links":{"self":[{"href":"https:\/\/caritasrosario.com.ar\/inicio\/wp-json\/wp\/v2\/pages\/13690","targetHints":{"allow":["GET"]}}],"collection":[{"href":"https:\/\/caritasrosario.com.ar\/inicio\/wp-json\/wp\/v2\/pages"}],"about":[{"href":"https:\/\/caritasrosario.com.ar\/inicio\/wp-json\/wp\/v2\/types\/page"}],"author":[{"embeddable":true,"href":"https:\/\/caritasrosario.com.ar\/inicio\/wp-json\/wp\/v2\/users\/2"}],"replies":[{"embeddable":true,"href":"https:\/\/caritasrosario.com.ar\/inicio\/wp-json\/wp\/v2\/comments?post=13690"}],"version-history":[{"count":5,"href":"https:\/\/caritasrosario.com.ar\/inicio\/wp-json\/wp\/v2\/pages\/13690\/revisions"}],"predecessor-version":[{"id":13698,"href":"https:\/\/caritasrosario.com.ar\/inicio\/wp-json\/wp\/v2\/pages\/13690\/revisions\/13698"}],"wp:attachment":[{"href":"https:\/\/caritasrosario.com.ar\/inicio\/wp-json\/wp\/v2\/media?parent=13690"}],"curies":[{"name":"wp","href":"https:\/\/api.w.org\/{rel}","templated":true}]}}

Área Educación

<div data-elementor-type="wp-page" data-elementor-id="13690" class="elementor elementor-13690">
						<section class="elementor-section elementor-top-section elementor-element elementor-element-3bbf694 elementor-section-boxed elementor-section-height-default elementor-section-height-default" data-id="3bbf694" data-element_type="section">
						<div class="elementor-container elementor-column-gap-default">
					<div class="elementor-column elementor-col-100 elementor-top-column elementor-element elementor-element-cec7ca7" data-id="cec7ca7" data-element_type="column">
			<div class="elementor-widget-wrap elementor-element-populated">
						<div class="elementor-element elementor-element-14f919c elementor-widget elementor-widget-text-editor" data-id="14f919c" data-element_type="widget" data-widget_type="text-editor.default">
				<div class="elementor-widget-container">
									<p><span style="color: #0c0b4f;"><strong>RESPONSABLE:</strong><b>Norma Duarte</b></span></p><p class="p1"><span style="color: #0c0b4f;">Esta área es de reciente formación en nuestra Cáritas Arquidiocesana, tiene como objetivo lograr la promoción educativa de niños, adolescentes o adultos en situación de vulnerabilidad, siguiendo los lineamientos de Cáritas Nacional y encuadrado en el accionar del territorio en el cuál se trabajará (Cáritas Parroquial)</span></p>								</div>
				</div>
					</div>
		</div>
					</div>
		</section>
				</div>

<p>RESPONSABLE:Norma Duarte Esta área es de reciente formación en nuestra Cáritas Arquidiocesana, tiene como objetivo lograr la promoción educativa de niños, adolescentes o adultos en situación de vulnerabilidad, siguiendo los lineamientos de Cáritas Nacional y encuadrado en el accionar del territorio en el cuál se trabajará (Cáritas Parroquial)</p>

<!-- This site is optimized with the Yoast SEO plugin v27.5 - https://yoast.com/product/yoast-seo-wordpress/ -->
<title>Área Educación - Caritas Rosario</title>
<meta name="robots" content="index, follow, max-snippet:-1, max-image-preview:large, max-video-preview:-1" />
<link rel="canonical" href="https://caritasrosario.com.ar/inicio/area-educacion/" />
<meta property="og:locale" content="es_ES" />
<meta property="og:type" content="article" />
<meta property="og:title" content="Área Educación - Caritas Rosario" />
<meta property="og:description" content="RESPONSABLE:Norma Duarte Esta área es de reciente formación en nuestra Cáritas Arquidiocesana, tiene como objetivo lograr la promoción educativa de niños, adolescentes o adultos en situación de vulnerabilidad, siguiendo los lineamientos de Cáritas Nacional y encuadrado en el accionar del territorio en el cuál se trabajará (Cáritas Parroquial)" />
<meta property="og:url" content="https://caritasrosario.com.ar/inicio/area-educacion/" />
<meta property="og:site_name" content="Caritas Rosario" />
<meta property="article:modified_time" content="2021-04-30T21:38:14+00:00" />
<meta name="twitter:card" content="summary_large_image" />
<script type="application/ld+json" class="yoast-schema-graph">{"@context":"https:\/\/schema.org","@graph":[{"@type":"WebPage","@id":"https:\/\/caritasrosario.com.ar\/inicio\/area-educacion\/","url":"https:\/\/caritasrosario.com.ar\/inicio\/area-educacion\/","name":"Área Educación - Caritas Rosario","isPartOf":{"@id":"https:\/\/caritasrosario.com.ar\/inicio\/#website"},"datePublished":"2021-04-30T21:35:44+00:00","dateModified":"2021-04-30T21:38:14+00:00","breadcrumb":{"@id":"https:\/\/caritasrosario.com.ar\/inicio\/area-educacion\/#breadcrumb"},"inLanguage":"es","potentialAction":[{"@type":"ReadAction","target":["https:\/\/caritasrosario.com.ar\/inicio\/area-educacion\/"]}]},{"@type":"BreadcrumbList","@id":"https:\/\/caritasrosario.com.ar\/inicio\/area-educacion\/#breadcrumb","itemListElement":[{"@type":"ListItem","position":1,"name":"Portada","item":"https:\/\/caritasrosario.com.ar\/inicio\/"},{"@type":"ListItem","position":2,"name":"Área Educación"}]},{"@type":"WebSite","@id":"https:\/\/caritasrosario.com.ar\/inicio\/#website","url":"https:\/\/caritasrosario.com.ar\/inicio\/","name":"Caritas Rosario","description":"Bienvenidos","publisher":{"@id":"https:\/\/caritasrosario.com.ar\/inicio\/#organization"},"potentialAction":[{"@type":"SearchAction","target":{"@type":"EntryPoint","urlTemplate":"https:\/\/caritasrosario.com.ar\/inicio\/?s={search_term_string}"},"query-input":{"@type":"PropertyValueSpecification","valueRequired":true,"valueName":"search_term_string"}}],"inLanguage":"es"},{"@type":"Organization","@id":"https:\/\/caritasrosario.com.ar\/inicio\/#organization","name":"Caritas Rosario","url":"https:\/\/caritasrosario.com.ar\/inicio\/","logo":{"@type":"ImageObject","inLanguage":"es","@id":"https:\/\/caritasrosario.com.ar\/inicio\/#\/schema\/logo\/image\/","url":"https:\/\/caritasrosario.com.ar\/inicio\/wp-content\/uploads\/2021\/04\/cropped-cropped-caritas.png","contentUrl":"https:\/\/caritasrosario.com.ar\/inicio\/wp-content\/uploads\/2021\/04\/cropped-cropped-caritas.png","width":166,"height":199,"caption":"Caritas Rosario"},"image":{"@id":"https:\/\/caritasrosario.com.ar\/inicio\/#\/schema\/logo\/image\/"}}]}</script>
<!-- / Yoast SEO plugin. -->

Área Educación - Caritas Rosario

RESPONSABLE:Norma Duarte Esta área es de reciente formación en nuestra Cáritas Arquidiocesana, tiene como objetivo lograr la promoción educativa de niños, adolescentes o adultos en situación de vulnerabilidad, siguiendo los lineamientos de Cáritas Nacional y encuadrado en el accionar del territorio en el cuál se trabajará (Cáritas Parroquial)
