{"id":13705,"date":"2021-04-30T21:41:01","date_gmt":"2021-04-30T21:41:01","guid":{"rendered":"https:\/\/caritasrosario.com.ar\/inicio\/?page_id=13705"},"modified":"2024-04-26T20:28:19","modified_gmt":"2024-04-26T20:28:19","slug":"donaciones","status":"publish","type":"page","link":"https:\/\/caritasrosario.com.ar\/inicio\/donaciones\/","title":{"rendered":"Donaciones"},"content":{"rendered":"\t\t<div data-elementor-type=\"wp-page\" data-elementor-id=\"13705\" class=\"elementor elementor-13705\">\n\t\t\t\t\t\t<section class=\"elementor-section elementor-top-section elementor-element elementor-element-d20bf4d elementor-section-boxed elementor-section-height-default elementor-section-height-default\" data-id=\"d20bf4d\" data-element_type=\"section\">\n\t\t\t\t\t\t<div class=\"elementor-container elementor-column-gap-default\">\n\t\t\t\t\t<div class=\"elementor-column elementor-col-100 elementor-top-column elementor-element elementor-element-d9c631a\" data-id=\"d9c631a\" data-element_type=\"column\">\n\t\t\t<div class=\"elementor-widget-wrap elementor-element-populated\">\n\t\t\t\t\t\t<div class=\"elementor-element elementor-element-0b93440 elementor-widget elementor-widget-text-editor\" data-id=\"0b93440\" data-element_type=\"widget\" data-widget_type=\"text-editor.default\">\n\t\t\t\t<div class=\"elementor-widget-container\">\n\t\t\t\t\t\t\t\t\t<p>Los principales destinatarios de la misi\u00f3n de C\u00e1ritas son los m\u00e1s pobres y los excluidos, procurando que crezcan en dignidad y sean protagonistas de su propio desarrollo, personal y comunitario.<\/p><p>C\u00e1ritas act\u00faa significativamente, es decir busca realizar acciones que sean eficaces, procurando incidir en la transformaci\u00f3n cultural del contexto en el que act\u00faa sin pretender reemplazar la acci\u00f3n de otras instituciones o del Estado en sus diferentes niveles.<\/p><p>C\u00e1ritas es mucho m\u00e1s que la bolsa de alimentos, el ropero o la alcanc\u00eda de la parroquia. C\u00e1ritas es amor cercano que cuida, incluye y transforma la vida de las personas o comunidades en situaciones de pobreza, a trav\u00e9s de la ayuda material y de la presencia, el acompa\u00f1amiento y la contenci\u00f3n integral a toda persona que sufre, desde una perspectiva del bien com\u00fan.<\/p><p>POD\u00c9S COLABORAR CON C\u00c1RITAS:<\/p><p class=\"p1\"><span style=\"color: #080d36;\"><strong><span class=\"s1\">&#8211; Donaciones de mercader\u00eda y muebles<\/span><\/strong>: pueden acercar sus donaciones muebles conservados en buen estado, vestimenta, calzados, ropa de cama, todo lo que crea que pueda ser de utilidad. Puede llevarlo a la parroquia m\u00e1s cercana o a la sede de C\u00e1ritas (Balcarce 1077). Si no se posee movilidad pueden llamar y se retirar\u00e1 la donaci\u00f3n <span class=\"Apple-converted-space\">\u00a0<\/span><\/span><\/p><p class=\"p1\"><span style=\"color: #080d36;\"><strong><span class=\"Apple-converted-space\">&#8211; <\/span><span class=\"s1\">Donaciones de dinero<\/span>:<\/strong> Son aportes voluntarios que pueden producirse a trav\u00e9s de distintas modalidades en los distintos niveles de intervenci\u00f3n de la instituci\u00f3n (C\u00e1ritas parroquiales, diocesanas y nacional); dinero en efectivo, dep\u00f3sitos o transferencias bancarias; aportes mensuales con tarjetas de cr\u00e9dito, etc.<span class=\"Apple-converted-space\">\u00a0<\/span><\/span><\/p><p class=\"p1\"><strong><span style=\"color: #080d36;\">Donaci\u00f3n v\u00eda transferencia o dep\u00f3sito bancario a nombre de C\u00e1ritas Argentina Rosario-(Arzobispado), en las siguientes cuentas corrientes:<\/span><\/strong><\/p><ul><li><strong>Banco Credicoop:<\/strong><\/li><\/ul><p>-N\u00ba Cta: 597162-9 (sucursal 274)<br \/>-CBU 1910274855027459716296<br \/>-CUIT: 30-67445701-0<br \/>-Alias: caritasros.credicoop<\/p><ul><li><strong>Nuevo Banco de Santa Fe:<\/strong><\/li><\/ul><p>-N\u00ba Cta Cte: 45227702 (Sucursal 000)<br \/>-CBU 3300000610000452277020<br \/>-CUIT: 30-67445701-0<br \/>-Alias: CARITAS.ROSARIO<\/p><p><a href=\"https:\/\/caritasrosario.com.ar\/inicio\/wp-content\/uploads\/2024\/04\/ModoImagenQR_page-0001.jpg\"><img fetchpriority=\"high\" decoding=\"async\" class=\"alignnone size-medium wp-image-15389\" src=\"https:\/\/caritasrosario.com.ar\/inicio\/wp-content\/uploads\/2024\/04\/ModoImagenQR_page-0001-212x300.jpg\" alt=\"\" width=\"212\" height=\"300\" srcset=\"https:\/\/caritasrosario.com.ar\/inicio\/wp-content\/uploads\/2024\/04\/ModoImagenQR_page-0001-212x300.jpg 212w, https:\/\/caritasrosario.com.ar\/inicio\/wp-content\/uploads\/2024\/04\/ModoImagenQR_page-0001-724x1024.jpg 724w, https:\/\/caritasrosario.com.ar\/inicio\/wp-content\/uploads\/2024\/04\/ModoImagenQR_page-0001-768x1087.jpg 768w, https:\/\/caritasrosario.com.ar\/inicio\/wp-content\/uploads\/2024\/04\/ModoImagenQR_page-0001-1085x1536.jpg 1085w, https:\/\/caritasrosario.com.ar\/inicio\/wp-content\/uploads\/2024\/04\/ModoImagenQR_page-0001.jpg 1240w\" sizes=\"(max-width: 212px) 100vw, 212px\" \/><\/a><\/p>\t\t\t\t\t\t\t\t<\/div>\n\t\t\t\t<\/div>\n\t\t\t\t\t<\/div>\n\t\t<\/div>\n\t\t\t\t\t<\/div>\n\t\t<\/section>\n\t\t\t\t<\/div>\n\t\t","protected":false},"excerpt":{"rendered":"<p>Los principales destinatarios de la misi\u00f3n de C\u00e1ritas son los m\u00e1s pobres y los excluidos, procurando que crezcan en dignidad y sean protagonistas de su propio desarrollo, personal y comunitario. C\u00e1ritas act\u00faa significativamente, es decir busca realizar acciones que sean eficaces, procurando incidir en la transformaci\u00f3n cultural del contexto en el que act\u00faa sin pretender&#8230;<\/p>\n","protected":false},"author":2,"featured_media":0,"parent":0,"menu_order":0,"comment_status":"closed","ping_status":"closed","template":"","meta":{"footnotes":""},"class_list":["post-13705","page","type-page","status-publish","hentry"],"yoast_head":"<!-- This site is optimized with the Yoast SEO plugin v27.3 - https:\/\/yoast.com\/product\/yoast-seo-wordpress\/ -->\n<title>Donaciones - Caritas Rosario<\/title>\n<meta name=\"robots\" content=\"index, follow, max-snippet:-1, max-image-preview:large, max-video-preview:-1\" \/>\n<link rel=\"canonical\" href=\"https:\/\/caritasrosario.com.ar\/inicio\/donaciones\/\" \/>\n<meta property=\"og:locale\" content=\"es_ES\" \/>\n<meta property=\"og:type\" content=\"article\" \/>\n<meta property=\"og:title\" content=\"Donaciones - Caritas Rosario\" \/>\n<meta property=\"og:description\" content=\"Los principales destinatarios de la misi\u00f3n de C\u00e1ritas son los m\u00e1s pobres y los excluidos, procurando que crezcan en dignidad y sean protagonistas de su propio desarrollo, personal y comunitario. C\u00e1ritas act\u00faa significativamente, es decir busca realizar acciones que sean eficaces, procurando incidir en la transformaci\u00f3n cultural del contexto en el que act\u00faa sin pretender...\" \/>\n<meta property=\"og:url\" content=\"https:\/\/caritasrosario.com.ar\/inicio\/donaciones\/\" \/>\n<meta property=\"og:site_name\" content=\"Caritas Rosario\" \/>\n<meta property=\"article:modified_time\" content=\"2024-04-26T20:28:19+00:00\" \/>\n<meta property=\"og:image\" content=\"https:\/\/caritasrosario.com.ar\/inicio\/wp-content\/uploads\/2024\/04\/ModoImagenQR_page-0001-212x300.jpg\" \/>\n<meta name=\"twitter:card\" content=\"summary_large_image\" \/>\n<meta name=\"twitter:label1\" content=\"Tiempo de lectura\" \/>\n\t<meta name=\"twitter:data1\" content=\"2 minutos\" \/>\n<script type=\"application\/ld+json\" class=\"yoast-schema-graph\">{\"@context\":\"https:\\\/\\\/schema.org\",\"@graph\":[{\"@type\":\"WebPage\",\"@id\":\"https:\\\/\\\/caritasrosario.com.ar\\\/inicio\\\/donaciones\\\/\",\"url\":\"https:\\\/\\\/caritasrosario.com.ar\\\/inicio\\\/donaciones\\\/\",\"name\":\"Donaciones - Caritas Rosario\",\"isPartOf\":{\"@id\":\"https:\\\/\\\/caritasrosario.com.ar\\\/inicio\\\/#website\"},\"primaryImageOfPage\":{\"@id\":\"https:\\\/\\\/caritasrosario.com.ar\\\/inicio\\\/donaciones\\\/#primaryimage\"},\"image\":{\"@id\":\"https:\\\/\\\/caritasrosario.com.ar\\\/inicio\\\/donaciones\\\/#primaryimage\"},\"thumbnailUrl\":\"https:\\\/\\\/caritasrosario.com.ar\\\/inicio\\\/wp-content\\\/uploads\\\/2024\\\/04\\\/ModoImagenQR_page-0001-212x300.jpg\",\"datePublished\":\"2021-04-30T21:41:01+00:00\",\"dateModified\":\"2024-04-26T20:28:19+00:00\",\"breadcrumb\":{\"@id\":\"https:\\\/\\\/caritasrosario.com.ar\\\/inicio\\\/donaciones\\\/#breadcrumb\"},\"inLanguage\":\"es\",\"potentialAction\":[{\"@type\":\"ReadAction\",\"target\":[\"https:\\\/\\\/caritasrosario.com.ar\\\/inicio\\\/donaciones\\\/\"]}]},{\"@type\":\"ImageObject\",\"inLanguage\":\"es\",\"@id\":\"https:\\\/\\\/caritasrosario.com.ar\\\/inicio\\\/donaciones\\\/#primaryimage\",\"url\":\"https:\\\/\\\/caritasrosario.com.ar\\\/inicio\\\/wp-content\\\/uploads\\\/2024\\\/04\\\/ModoImagenQR_page-0001.jpg\",\"contentUrl\":\"https:\\\/\\\/caritasrosario.com.ar\\\/inicio\\\/wp-content\\\/uploads\\\/2024\\\/04\\\/ModoImagenQR_page-0001.jpg\",\"width\":1240,\"height\":1755},{\"@type\":\"BreadcrumbList\",\"@id\":\"https:\\\/\\\/caritasrosario.com.ar\\\/inicio\\\/donaciones\\\/#breadcrumb\",\"itemListElement\":[{\"@type\":\"ListItem\",\"position\":1,\"name\":\"Portada\",\"item\":\"https:\\\/\\\/caritasrosario.com.ar\\\/inicio\\\/\"},{\"@type\":\"ListItem\",\"position\":2,\"name\":\"Donaciones\"}]},{\"@type\":\"WebSite\",\"@id\":\"https:\\\/\\\/caritasrosario.com.ar\\\/inicio\\\/#website\",\"url\":\"https:\\\/\\\/caritasrosario.com.ar\\\/inicio\\\/\",\"name\":\"Caritas Rosario\",\"description\":\"Bienvenidos\",\"publisher\":{\"@id\":\"https:\\\/\\\/caritasrosario.com.ar\\\/inicio\\\/#organization\"},\"potentialAction\":[{\"@type\":\"SearchAction\",\"target\":{\"@type\":\"EntryPoint\",\"urlTemplate\":\"https:\\\/\\\/caritasrosario.com.ar\\\/inicio\\\/?s={search_term_string}\"},\"query-input\":{\"@type\":\"PropertyValueSpecification\",\"valueRequired\":true,\"valueName\":\"search_term_string\"}}],\"inLanguage\":\"es\"},{\"@type\":\"Organization\",\"@id\":\"https:\\\/\\\/caritasrosario.com.ar\\\/inicio\\\/#organization\",\"name\":\"Caritas Rosario\",\"url\":\"https:\\\/\\\/caritasrosario.com.ar\\\/inicio\\\/\",\"logo\":{\"@type\":\"ImageObject\",\"inLanguage\":\"es\",\"@id\":\"https:\\\/\\\/caritasrosario.com.ar\\\/inicio\\\/#\\\/schema\\\/logo\\\/image\\\/\",\"url\":\"https:\\\/\\\/caritasrosario.com.ar\\\/inicio\\\/wp-content\\\/uploads\\\/2021\\\/04\\\/cropped-cropped-caritas.png\",\"contentUrl\":\"https:\\\/\\\/caritasrosario.com.ar\\\/inicio\\\/wp-content\\\/uploads\\\/2021\\\/04\\\/cropped-cropped-caritas.png\",\"width\":166,\"height\":199,\"caption\":\"Caritas Rosario\"},\"image\":{\"@id\":\"https:\\\/\\\/caritasrosario.com.ar\\\/inicio\\\/#\\\/schema\\\/logo\\\/image\\\/\"}}]}<\/script>\n<!-- \/ Yoast SEO plugin. -->","yoast_head_json":{"title":"Donaciones - Caritas Rosario","robots":{"index":"index","follow":"follow","max-snippet":"max-snippet:-1","max-image-preview":"max-image-preview:large","max-video-preview":"max-video-preview:-1"},"canonical":"https:\/\/caritasrosario.com.ar\/inicio\/donaciones\/","og_locale":"es_ES","og_type":"article","og_title":"Donaciones - Caritas Rosario","og_description":"Los principales destinatarios de la misi\u00f3n de C\u00e1ritas son los m\u00e1s pobres y los excluidos, procurando que crezcan en dignidad y sean protagonistas de su propio desarrollo, personal y comunitario. C\u00e1ritas act\u00faa significativamente, es decir busca realizar acciones que sean eficaces, procurando incidir en la transformaci\u00f3n cultural del contexto en el que act\u00faa sin pretender...","og_url":"https:\/\/caritasrosario.com.ar\/inicio\/donaciones\/","og_site_name":"Caritas Rosario","article_modified_time":"2024-04-26T20:28:19+00:00","og_image":[{"url":"https:\/\/caritasrosario.com.ar\/inicio\/wp-content\/uploads\/2024\/04\/ModoImagenQR_page-0001-212x300.jpg","type":"","width":"","height":""}],"twitter_card":"summary_large_image","twitter_misc":{"Tiempo de lectura":"2 minutos"},"schema":{"@context":"https:\/\/schema.org","@graph":[{"@type":"WebPage","@id":"https:\/\/caritasrosario.com.ar\/inicio\/donaciones\/","url":"https:\/\/caritasrosario.com.ar\/inicio\/donaciones\/","name":"Donaciones - Caritas Rosario","isPartOf":{"@id":"https:\/\/caritasrosario.com.ar\/inicio\/#website"},"primaryImageOfPage":{"@id":"https:\/\/caritasrosario.com.ar\/inicio\/donaciones\/#primaryimage"},"image":{"@id":"https:\/\/caritasrosario.com.ar\/inicio\/donaciones\/#primaryimage"},"thumbnailUrl":"https:\/\/caritasrosario.com.ar\/inicio\/wp-content\/uploads\/2024\/04\/ModoImagenQR_page-0001-212x300.jpg","datePublished":"2021-04-30T21:41:01+00:00","dateModified":"2024-04-26T20:28:19+00:00","breadcrumb":{"@id":"https:\/\/caritasrosario.com.ar\/inicio\/donaciones\/#breadcrumb"},"inLanguage":"es","potentialAction":[{"@type":"ReadAction","target":["https:\/\/caritasrosario.com.ar\/inicio\/donaciones\/"]}]},{"@type":"ImageObject","inLanguage":"es","@id":"https:\/\/caritasrosario.com.ar\/inicio\/donaciones\/#primaryimage","url":"https:\/\/caritasrosario.com.ar\/inicio\/wp-content\/uploads\/2024\/04\/ModoImagenQR_page-0001.jpg","contentUrl":"https:\/\/caritasrosario.com.ar\/inicio\/wp-content\/uploads\/2024\/04\/ModoImagenQR_page-0001.jpg","width":1240,"height":1755},{"@type":"BreadcrumbList","@id":"https:\/\/caritasrosario.com.ar\/inicio\/donaciones\/#breadcrumb","itemListElement":[{"@type":"ListItem","position":1,"name":"Portada","item":"https:\/\/caritasrosario.com.ar\/inicio\/"},{"@type":"ListItem","position":2,"name":"Donaciones"}]},{"@type":"WebSite","@id":"https:\/\/caritasrosario.com.ar\/inicio\/#website","url":"https:\/\/caritasrosario.com.ar\/inicio\/","name":"Caritas Rosario","description":"Bienvenidos","publisher":{"@id":"https:\/\/caritasrosario.com.ar\/inicio\/#organization"},"potentialAction":[{"@type":"SearchAction","target":{"@type":"EntryPoint","urlTemplate":"https:\/\/caritasrosario.com.ar\/inicio\/?s={search_term_string}"},"query-input":{"@type":"PropertyValueSpecification","valueRequired":true,"valueName":"search_term_string"}}],"inLanguage":"es"},{"@type":"Organization","@id":"https:\/\/caritasrosario.com.ar\/inicio\/#organization","name":"Caritas Rosario","url":"https:\/\/caritasrosario.com.ar\/inicio\/","logo":{"@type":"ImageObject","inLanguage":"es","@id":"https:\/\/caritasrosario.com.ar\/inicio\/#\/schema\/logo\/image\/","url":"https:\/\/caritasrosario.com.ar\/inicio\/wp-content\/uploads\/2021\/04\/cropped-cropped-caritas.png","contentUrl":"https:\/\/caritasrosario.com.ar\/inicio\/wp-content\/uploads\/2021\/04\/cropped-cropped-caritas.png","width":166,"height":199,"caption":"Caritas Rosario"},"image":{"@id":"https:\/\/caritasrosario.com.ar\/inicio\/#\/schema\/logo\/image\/"}}]}},"_links":{"self":[{"href":"https:\/\/caritasrosario.com.ar\/inicio\/wp-json\/wp\/v2\/pages\/13705","targetHints":{"allow":["GET"]}}],"collection":[{"href":"https:\/\/caritasrosario.com.ar\/inicio\/wp-json\/wp\/v2\/pages"}],"about":[{"href":"https:\/\/caritasrosario.com.ar\/inicio\/wp-json\/wp\/v2\/types\/page"}],"author":[{"embeddable":true,"href":"https:\/\/caritasrosario.com.ar\/inicio\/wp-json\/wp\/v2\/users\/2"}],"replies":[{"embeddable":true,"href":"https:\/\/caritasrosario.com.ar\/inicio\/wp-json\/wp\/v2\/comments?post=13705"}],"version-history":[{"count":5,"href":"https:\/\/caritasrosario.com.ar\/inicio\/wp-json\/wp\/v2\/pages\/13705\/revisions"}],"predecessor-version":[{"id":15392,"href":"https:\/\/caritasrosario.com.ar\/inicio\/wp-json\/wp\/v2\/pages\/13705\/revisions\/15392"}],"wp:attachment":[{"href":"https:\/\/caritasrosario.com.ar\/inicio\/wp-json\/wp\/v2\/media?parent=13705"}],"curies":[{"name":"wp","href":"https:\/\/api.w.org\/{rel}","templated":true}]}}