{"id":14346,"date":"2021-05-04T19:45:39","date_gmt":"2021-05-04T19:45:39","guid":{"rendered":"https:\/\/caritasrosario.com.ar\/inicio\/?page_id=14346"},"modified":"2026-02-24T14:09:56","modified_gmt":"2026-02-24T14:09:56","slug":"orientaciones-pastorales","status":"publish","type":"page","link":"https:\/\/caritasrosario.com.ar\/inicio\/orientaciones-pastorales\/","title":{"rendered":"ORIENTACIONES PASTORALES"},"content":{"rendered":"\t\t<div data-elementor-type=\"wp-page\" data-elementor-id=\"14346\" class=\"elementor elementor-14346\">\n\t\t\t\t\t\t<section class=\"elementor-section elementor-top-section elementor-element elementor-element-33aa21f elementor-section-boxed elementor-section-height-default elementor-section-height-default\" data-id=\"33aa21f\" data-element_type=\"section\">\n\t\t\t\t\t\t<div class=\"elementor-container elementor-column-gap-default\">\n\t\t\t\t\t<div class=\"elementor-column elementor-col-100 elementor-top-column elementor-element elementor-element-e4ab8b5\" data-id=\"e4ab8b5\" data-element_type=\"column\">\n\t\t\t<div class=\"elementor-widget-wrap elementor-element-populated\">\n\t\t\t\t\t\t<div class=\"elementor-element elementor-element-9e19be9 elementor-widget elementor-widget-text-editor\" data-id=\"9e19be9\" data-element_type=\"widget\" data-widget_type=\"text-editor.default\">\n\t\t\t\t<div class=\"elementor-widget-container\">\n\t\t\t\t\t\t\t\t\t<p class=\"p1\"><span style=\"color: #0c0d4a;\">Seg\u00fan el estatuto de C\u00e1ritas, en Asamblea Federal se proclaman las Orientaciones Pastorales que marcan el rumbo de la tarea que C\u00e1ritas lleva adelante en todo el pa\u00eds.\u00a0<\/span><\/p><p>L\u00edneas de acci\u00f3n 2025-2028<br \/>Orientaciones Pastorales para la Caridad de la Iglesia<\/p><p><strong>CUIDAR LA VIDA<\/strong><br \/>Alentamos el cuidado de la vida por su valor sagrado y su dignidad,<br \/>con especial dedicaci\u00f3n a los m\u00e1s vulnerables, como condici\u00f3n primordial para favorecer relaciones positivas entre las personas.<\/p><p><strong>CUIDAR LA FAMILIA<\/strong><br \/>Favorecemos el desarrollo de las familias como primera comunidad de amor donde se recibe la vida y se la proyecta a la comunidad, acogiendo todas<br \/>las expresiones que actualmente adoptan.<\/p><p><strong>CUIDAR LA COMUNIDAD<\/strong><br \/>Impulsamos el crecimiento de las esperanzas e iniciativas de las comunidades y la mejora de sus condiciones de vida, desarrollando el sentido de ciudadan\u00eda y la posibilidad de ejercicio de derechos.<\/p><p><strong>CUIDAR LA CASA COM\u00daN<\/strong><br \/>Alentamos una econom\u00eda al servicio del ser humano y al cuidado de la casa com\u00fan, promoviendo y defendiendo modos de trabajo digno que favorezcan<br \/>la construcci\u00f3n de un mundo sostenible e inclusivo.<\/p><p><strong>CUIDAR NUESTRA MISI\u00d3N<\/strong><br \/>Queremos ser fieles a la misi\u00f3n de C\u00e1ritas, asumiendo el cuidado de los agentes pastorales que la construimos d\u00eda a d\u00eda, ampliando nuestros equipos y fortaleciendo nuestra m\u00edstica y formaci\u00f3n.<\/p><p class=\"p1\"><strong><span style=\"color: #0c0d4a;\">Historia<\/span><\/strong><\/p><p class=\"p1\"><span style=\"color: #0c0d4a;\">A mediados de la d\u00e9cada del \u00b450 comienza la labor de C\u00e1ritas en Argentina. El objetivo principal de C\u00e1ritas, seg\u00fan sus estatutos es \u201canimar y coordinar la obra social y caritativa de la Iglesia, insertada en la pastoral org\u00e1nica a trav\u00e9s de formas adaptadas al tiempo y las circunstancias, para lograr el desarrollo integral de todo el hombre y de todos los hombres, con especial preferencia por las personas y comunidades m\u00e1s marginadas\u201d.<\/span><\/p><p class=\"p1\"><span style=\"color: #0c0d4a;\">Desde su nacimiento, C\u00e1ritas Argentina muestra caracter\u00edsticas distintivas que le dieron identidad especial: su base parroquial, su amplio voluntariado y sus esfuerzos por desarrollar procesos sustentables con el aporte de las comunidades.<\/span><\/p><p class=\"p1\"><span style=\"color: #0c0d4a;\">Con el correr del tiempo fue creciendo en estructura y organizaci\u00f3n. Las di\u00f3cesis se van sumando a la iniciativa, constituyendo sus sedes, congregando voluntarios y procurando fondos para la tarea.<\/span><\/p><p class=\"p1\"><span style=\"color: #0c0d4a;\">En 1962 comienzan a reunirse los secretariados diocesanos que se constitu\u00edan y en 1969 se realiza el Primer Encuentro Nacional de C\u00e1ritas, en Villa Carlos Paz (C\u00f3rdoba). El principal objetivo del mismo fue responder \u201cQu\u00e9 es C\u00e1ritas en la Argentina, Qu\u00e9 debe ser C\u00e1ritas en la Argentina y C\u00f3mo hacerlo\u201d.<\/span><\/p><p class=\"p1\"><span style=\"color: #0c0d4a;\">Promediando los a\u00f1os setenta, gran parte de las energ\u00edas de C\u00e1ritas se destinaban a la ayuda inmediata, especialmente a trav\u00e9s de la donaci\u00f3n de alimentos, medicamentos y ropa, como suced\u00eda en la mayor\u00eda de las C\u00e1ritas de Am\u00e9rica Latina.<\/span><\/p><p class=\"p1\"><span style=\"color: #0c0d4a;\">Esa actividad se fue transformando en los a\u00f1os 80, cuando se descubre la necesidad de animar procesos de promoci\u00f3n humana y un mayor protagonismo de quienes participan de los distintos proyectos, procurando el propio desarrollo y el de sus comunidades.<\/span><\/p><p class=\"p1\"><span style=\"color: #0c0d4a;\">Teniendo<span class=\"Apple-converted-space\">\u00a0 <\/span>ese contexto, en 1986 la Conferencia Episcopal aprueba los actuales<span class=\"Apple-converted-space\">\u00a0 <\/span>Estatutos de C\u00e1ritas Argentina como organismo de la Iglesia que coordinar\u00e1 la obra caritativa oficial de la misma.<\/span><\/p><p class=\"p1\"><span style=\"color: #0c0d4a;\">En la actualidad, C\u00e1ritas Argentina se encuentra trabajando activamente en las 66 Di\u00f3cesis de la Iglesia Argentina. Gracias al compromiso solidario de toda la sociedad y al esfuerzo cotidiano de m\u00e1s de 32.000 voluntarios, C\u00e1ritas canaliza su acci\u00f3n a trav\u00e9s de m\u00e1s de 3.500 parroquias, capillas y centros misionales.<\/span><\/p>\t\t\t\t\t\t\t\t<\/div>\n\t\t\t\t<\/div>\n\t\t\t\t\t<\/div>\n\t\t<\/div>\n\t\t\t\t\t<\/div>\n\t\t<\/section>\n\t\t\t\t<section class=\"elementor-section elementor-top-section elementor-element elementor-element-8d262e3 elementor-section-boxed elementor-section-height-default elementor-section-height-default\" data-id=\"8d262e3\" data-element_type=\"section\">\n\t\t\t\t\t\t<div class=\"elementor-container elementor-column-gap-default\">\n\t\t\t\t\t<div class=\"elementor-column elementor-col-100 elementor-top-column elementor-element elementor-element-75988e6\" data-id=\"75988e6\" data-element_type=\"column\">\n\t\t\t<div class=\"elementor-widget-wrap elementor-element-populated\">\n\t\t\t\t\t\t<div class=\"elementor-element elementor-element-3942c59 elementor-widget elementor-widget-text-editor\" data-id=\"3942c59\" data-element_type=\"widget\" data-widget_type=\"text-editor.default\">\n\t\t\t\t<div class=\"elementor-widget-container\">\n\t\t\t\t\t\t\t\t\t<p>Lorem fistrum por la gloria de mi madre esse jarl aliqua llevame al sircoo. De la pradera ullamco qu\u00e9 dise usteer est\u00e1 la cosa muy malar.<\/p>\t\t\t\t\t\t\t\t<\/div>\n\t\t\t\t<\/div>\n\t\t\t\t\t<\/div>\n\t\t<\/div>\n\t\t\t\t\t<\/div>\n\t\t<\/section>\n\t\t\t\t<\/div>\n\t\t","protected":false},"excerpt":{"rendered":"<p>Seg\u00fan el estatuto de C\u00e1ritas, en Asamblea Federal se proclaman las Orientaciones Pastorales que marcan el rumbo de la tarea que C\u00e1ritas lleva adelante en todo el pa\u00eds.\u00a0 L\u00edneas de acci\u00f3n 2025-2028Orientaciones Pastorales para la Caridad de la Iglesia CUIDAR LA VIDAAlentamos el cuidado de la vida por su valor sagrado y su dignidad,con especial&#8230;<\/p>\n","protected":false},"author":2,"featured_media":0,"parent":0,"menu_order":0,"comment_status":"closed","ping_status":"closed","template":"","meta":{"footnotes":""},"class_list":["post-14346","page","type-page","status-publish","hentry"],"yoast_head":"<!-- This site is optimized with the Yoast SEO plugin v27.5 - https:\/\/yoast.com\/product\/yoast-seo-wordpress\/ -->\n<title>ORIENTACIONES PASTORALES - Caritas Rosario<\/title>\n<meta name=\"robots\" content=\"index, follow, max-snippet:-1, max-image-preview:large, max-video-preview:-1\" \/>\n<link rel=\"canonical\" href=\"https:\/\/caritasrosario.com.ar\/inicio\/orientaciones-pastorales\/\" \/>\n<meta property=\"og:locale\" content=\"es_ES\" \/>\n<meta property=\"og:type\" content=\"article\" \/>\n<meta property=\"og:title\" content=\"ORIENTACIONES PASTORALES - Caritas Rosario\" \/>\n<meta property=\"og:description\" content=\"Seg\u00fan el estatuto de C\u00e1ritas, en Asamblea Federal se proclaman las Orientaciones Pastorales que marcan el rumbo de la tarea que C\u00e1ritas lleva adelante en todo el pa\u00eds.\u00a0 L\u00edneas de acci\u00f3n 2025-2028Orientaciones Pastorales para la Caridad de la Iglesia CUIDAR LA VIDAAlentamos el cuidado de la vida por su valor sagrado y su dignidad,con especial...\" \/>\n<meta property=\"og:url\" content=\"https:\/\/caritasrosario.com.ar\/inicio\/orientaciones-pastorales\/\" \/>\n<meta property=\"og:site_name\" content=\"Caritas Rosario\" \/>\n<meta property=\"article:modified_time\" content=\"2026-02-24T14:09:56+00:00\" \/>\n<meta name=\"twitter:card\" content=\"summary_large_image\" \/>\n<meta name=\"twitter:label1\" content=\"Tiempo de lectura\" \/>\n\t<meta name=\"twitter:data1\" content=\"3 minutos\" \/>\n<script type=\"application\/ld+json\" class=\"yoast-schema-graph\">{\"@context\":\"https:\\\/\\\/schema.org\",\"@graph\":[{\"@type\":\"WebPage\",\"@id\":\"https:\\\/\\\/caritasrosario.com.ar\\\/inicio\\\/orientaciones-pastorales\\\/\",\"url\":\"https:\\\/\\\/caritasrosario.com.ar\\\/inicio\\\/orientaciones-pastorales\\\/\",\"name\":\"ORIENTACIONES PASTORALES - Caritas Rosario\",\"isPartOf\":{\"@id\":\"https:\\\/\\\/caritasrosario.com.ar\\\/inicio\\\/#website\"},\"datePublished\":\"2021-05-04T19:45:39+00:00\",\"dateModified\":\"2026-02-24T14:09:56+00:00\",\"breadcrumb\":{\"@id\":\"https:\\\/\\\/caritasrosario.com.ar\\\/inicio\\\/orientaciones-pastorales\\\/#breadcrumb\"},\"inLanguage\":\"es\",\"potentialAction\":[{\"@type\":\"ReadAction\",\"target\":[\"https:\\\/\\\/caritasrosario.com.ar\\\/inicio\\\/orientaciones-pastorales\\\/\"]}]},{\"@type\":\"BreadcrumbList\",\"@id\":\"https:\\\/\\\/caritasrosario.com.ar\\\/inicio\\\/orientaciones-pastorales\\\/#breadcrumb\",\"itemListElement\":[{\"@type\":\"ListItem\",\"position\":1,\"name\":\"Portada\",\"item\":\"https:\\\/\\\/caritasrosario.com.ar\\\/inicio\\\/\"},{\"@type\":\"ListItem\",\"position\":2,\"name\":\"ORIENTACIONES PASTORALES\"}]},{\"@type\":\"WebSite\",\"@id\":\"https:\\\/\\\/caritasrosario.com.ar\\\/inicio\\\/#website\",\"url\":\"https:\\\/\\\/caritasrosario.com.ar\\\/inicio\\\/\",\"name\":\"Caritas Rosario\",\"description\":\"Bienvenidos\",\"publisher\":{\"@id\":\"https:\\\/\\\/caritasrosario.com.ar\\\/inicio\\\/#organization\"},\"potentialAction\":[{\"@type\":\"SearchAction\",\"target\":{\"@type\":\"EntryPoint\",\"urlTemplate\":\"https:\\\/\\\/caritasrosario.com.ar\\\/inicio\\\/?s={search_term_string}\"},\"query-input\":{\"@type\":\"PropertyValueSpecification\",\"valueRequired\":true,\"valueName\":\"search_term_string\"}}],\"inLanguage\":\"es\"},{\"@type\":\"Organization\",\"@id\":\"https:\\\/\\\/caritasrosario.com.ar\\\/inicio\\\/#organization\",\"name\":\"Caritas Rosario\",\"url\":\"https:\\\/\\\/caritasrosario.com.ar\\\/inicio\\\/\",\"logo\":{\"@type\":\"ImageObject\",\"inLanguage\":\"es\",\"@id\":\"https:\\\/\\\/caritasrosario.com.ar\\\/inicio\\\/#\\\/schema\\\/logo\\\/image\\\/\",\"url\":\"https:\\\/\\\/caritasrosario.com.ar\\\/inicio\\\/wp-content\\\/uploads\\\/2021\\\/04\\\/cropped-cropped-caritas.png\",\"contentUrl\":\"https:\\\/\\\/caritasrosario.com.ar\\\/inicio\\\/wp-content\\\/uploads\\\/2021\\\/04\\\/cropped-cropped-caritas.png\",\"width\":166,\"height\":199,\"caption\":\"Caritas Rosario\"},\"image\":{\"@id\":\"https:\\\/\\\/caritasrosario.com.ar\\\/inicio\\\/#\\\/schema\\\/logo\\\/image\\\/\"}}]}<\/script>\n<!-- \/ Yoast SEO plugin. -->","yoast_head_json":{"title":"ORIENTACIONES PASTORALES - Caritas Rosario","robots":{"index":"index","follow":"follow","max-snippet":"max-snippet:-1","max-image-preview":"max-image-preview:large","max-video-preview":"max-video-preview:-1"},"canonical":"https:\/\/caritasrosario.com.ar\/inicio\/orientaciones-pastorales\/","og_locale":"es_ES","og_type":"article","og_title":"ORIENTACIONES PASTORALES - Caritas Rosario","og_description":"Seg\u00fan el estatuto de C\u00e1ritas, en Asamblea Federal se proclaman las Orientaciones Pastorales que marcan el rumbo de la tarea que C\u00e1ritas lleva adelante en todo el pa\u00eds.\u00a0 L\u00edneas de acci\u00f3n 2025-2028Orientaciones Pastorales para la Caridad de la Iglesia CUIDAR LA VIDAAlentamos el cuidado de la vida por su valor sagrado y su dignidad,con especial...","og_url":"https:\/\/caritasrosario.com.ar\/inicio\/orientaciones-pastorales\/","og_site_name":"Caritas Rosario","article_modified_time":"2026-02-24T14:09:56+00:00","twitter_card":"summary_large_image","twitter_misc":{"Tiempo de lectura":"3 minutos"},"schema":{"@context":"https:\/\/schema.org","@graph":[{"@type":"WebPage","@id":"https:\/\/caritasrosario.com.ar\/inicio\/orientaciones-pastorales\/","url":"https:\/\/caritasrosario.com.ar\/inicio\/orientaciones-pastorales\/","name":"ORIENTACIONES PASTORALES - Caritas Rosario","isPartOf":{"@id":"https:\/\/caritasrosario.com.ar\/inicio\/#website"},"datePublished":"2021-05-04T19:45:39+00:00","dateModified":"2026-02-24T14:09:56+00:00","breadcrumb":{"@id":"https:\/\/caritasrosario.com.ar\/inicio\/orientaciones-pastorales\/#breadcrumb"},"inLanguage":"es","potentialAction":[{"@type":"ReadAction","target":["https:\/\/caritasrosario.com.ar\/inicio\/orientaciones-pastorales\/"]}]},{"@type":"BreadcrumbList","@id":"https:\/\/caritasrosario.com.ar\/inicio\/orientaciones-pastorales\/#breadcrumb","itemListElement":[{"@type":"ListItem","position":1,"name":"Portada","item":"https:\/\/caritasrosario.com.ar\/inicio\/"},{"@type":"ListItem","position":2,"name":"ORIENTACIONES PASTORALES"}]},{"@type":"WebSite","@id":"https:\/\/caritasrosario.com.ar\/inicio\/#website","url":"https:\/\/caritasrosario.com.ar\/inicio\/","name":"Caritas Rosario","description":"Bienvenidos","publisher":{"@id":"https:\/\/caritasrosario.com.ar\/inicio\/#organization"},"potentialAction":[{"@type":"SearchAction","target":{"@type":"EntryPoint","urlTemplate":"https:\/\/caritasrosario.com.ar\/inicio\/?s={search_term_string}"},"query-input":{"@type":"PropertyValueSpecification","valueRequired":true,"valueName":"search_term_string"}}],"inLanguage":"es"},{"@type":"Organization","@id":"https:\/\/caritasrosario.com.ar\/inicio\/#organization","name":"Caritas Rosario","url":"https:\/\/caritasrosario.com.ar\/inicio\/","logo":{"@type":"ImageObject","inLanguage":"es","@id":"https:\/\/caritasrosario.com.ar\/inicio\/#\/schema\/logo\/image\/","url":"https:\/\/caritasrosario.com.ar\/inicio\/wp-content\/uploads\/2021\/04\/cropped-cropped-caritas.png","contentUrl":"https:\/\/caritasrosario.com.ar\/inicio\/wp-content\/uploads\/2021\/04\/cropped-cropped-caritas.png","width":166,"height":199,"caption":"Caritas Rosario"},"image":{"@id":"https:\/\/caritasrosario.com.ar\/inicio\/#\/schema\/logo\/image\/"}}]}},"_links":{"self":[{"href":"https:\/\/caritasrosario.com.ar\/inicio\/wp-json\/wp\/v2\/pages\/14346","targetHints":{"allow":["GET"]}}],"collection":[{"href":"https:\/\/caritasrosario.com.ar\/inicio\/wp-json\/wp\/v2\/pages"}],"about":[{"href":"https:\/\/caritasrosario.com.ar\/inicio\/wp-json\/wp\/v2\/types\/page"}],"author":[{"embeddable":true,"href":"https:\/\/caritasrosario.com.ar\/inicio\/wp-json\/wp\/v2\/users\/2"}],"replies":[{"embeddable":true,"href":"https:\/\/caritasrosario.com.ar\/inicio\/wp-json\/wp\/v2\/comments?post=14346"}],"version-history":[{"count":8,"href":"https:\/\/caritasrosario.com.ar\/inicio\/wp-json\/wp\/v2\/pages\/14346\/revisions"}],"predecessor-version":[{"id":15800,"href":"https:\/\/caritasrosario.com.ar\/inicio\/wp-json\/wp\/v2\/pages\/14346\/revisions\/15800"}],"wp:attachment":[{"href":"https:\/\/caritasrosario.com.ar\/inicio\/wp-json\/wp\/v2\/media?parent=14346"}],"curies":[{"name":"wp","href":"https:\/\/api.w.org\/{rel}","templated":true}]}}