{"id":4,"date":"2021-04-01T21:26:19","date_gmt":"2021-04-01T21:26:19","guid":{"rendered":"https:\/\/caritasrosario.com.ar\/inicio\/?page_id=4"},"modified":"2026-03-30T14:18:31","modified_gmt":"2026-03-30T14:18:31","slug":"quienes-somos","status":"publish","type":"page","link":"https:\/\/caritasrosario.com.ar\/inicio\/quienes-somos\/","title":{"rendered":"\u00bfQuienes Somos?"},"content":{"rendered":"\t\t<div data-elementor-type=\"wp-page\" data-elementor-id=\"4\" class=\"elementor elementor-4\">\n\t\t\t\t\t\t<section class=\"elementor-section elementor-top-section elementor-element elementor-element-17b14387 elementor-section-boxed elementor-section-height-default elementor-section-height-default\" data-id=\"17b14387\" data-element_type=\"section\">\n\t\t\t\t\t\t<div class=\"elementor-container elementor-column-gap-default\">\n\t\t\t\t\t<div class=\"elementor-column elementor-col-100 elementor-top-column elementor-element elementor-element-112379c1\" data-id=\"112379c1\" data-element_type=\"column\">\n\t\t\t<div class=\"elementor-widget-wrap elementor-element-populated\">\n\t\t\t\t\t\t<div class=\"elementor-element elementor-element-6753f364 elementor-widget elementor-widget-text-editor\" data-id=\"6753f364\" data-element_type=\"widget\" data-widget_type=\"text-editor.default\">\n\t\t\t\t<div class=\"elementor-widget-container\">\n\t\t\t\t\t\t\t\t\t\n<p class=\"p1\"><span style=\"color: #151242;\">C\u00e1ritas lleva adelante la pastoral caritativa de la Iglesia Cat\u00f3lica. Anima, coordina y organiza dicha pastoral procurando generar y dar respuestas integrales a las problem\u00e1ticas de la pobreza desde los valores de la dignidad, la justicia y la solidaridad.<span class=\"Apple-converted-space\">\u00a0<\/span><\/span><\/p>\n<p class=\"p1\"><span style=\"color: #151242;\">C\u00e1ritas Rosario abarca toda la Arquidi\u00f3cesis de Rosario. Con 121 parroquias, 280 Capillas y casi 50 Comedores.<span class=\"Apple-converted-space\">\u00a0<\/span><\/span><\/p>\n\t\t\t\t\t\t\t\t<\/div>\n\t\t\t\t<\/div>\n\t\t\t\t\t<\/div>\n\t\t<\/div>\n\t\t\t\t\t<\/div>\n\t\t<\/section>\n\t\t\t\t<section class=\"elementor-section elementor-top-section elementor-element elementor-element-dcb2076 elementor-section-boxed elementor-section-height-default elementor-section-height-default\" data-id=\"dcb2076\" data-element_type=\"section\">\n\t\t\t\t\t\t<div class=\"elementor-container elementor-column-gap-default\">\n\t\t\t\t\t<div class=\"elementor-column elementor-col-100 elementor-top-column elementor-element elementor-element-db2f72c\" data-id=\"db2f72c\" data-element_type=\"column\">\n\t\t\t<div class=\"elementor-widget-wrap elementor-element-populated\">\n\t\t\t\t\t\t<div class=\"elementor-element elementor-element-9496694 elementor-widget elementor-widget-spacer\" data-id=\"9496694\" data-element_type=\"widget\" data-widget_type=\"spacer.default\">\n\t\t\t\t<div class=\"elementor-widget-container\">\n\t\t\t\t\t\t\t<div class=\"elementor-spacer\">\n\t\t\t<div class=\"elementor-spacer-inner\"><\/div>\n\t\t<\/div>\n\t\t\t\t\t\t<\/div>\n\t\t\t\t<\/div>\n\t\t\t\t<div class=\"elementor-element elementor-element-5eafb2b elementor-widget elementor-widget-heading\" data-id=\"5eafb2b\" data-element_type=\"widget\" data-widget_type=\"heading.default\">\n\t\t\t\t<div class=\"elementor-widget-container\">\n\t\t\t\t\t<h3 class=\"elementor-heading-title elementor-size-default\">Comisi\u00f3n Arquidiocesana C\u00e1ritas Rosario <br>(per\u00edodo 2026-2028)<br><\/h3>\t\t\t\t<\/div>\n\t\t\t\t<\/div>\n\t\t\t\t<div class=\"elementor-element elementor-element-c7faf3f elementor-widget elementor-widget-spacer\" data-id=\"c7faf3f\" data-element_type=\"widget\" data-widget_type=\"spacer.default\">\n\t\t\t\t<div class=\"elementor-widget-container\">\n\t\t\t\t\t\t\t<div class=\"elementor-spacer\">\n\t\t\t<div class=\"elementor-spacer-inner\"><\/div>\n\t\t<\/div>\n\t\t\t\t\t\t<\/div>\n\t\t\t\t<\/div>\n\t\t\t\t<div class=\"elementor-element elementor-element-8b735a1 elementor-widget elementor-widget-text-editor\" data-id=\"8b735a1\" data-element_type=\"widget\" data-widget_type=\"text-editor.default\">\n\t\t\t\t<div class=\"elementor-widget-container\">\n\t\t\t\t\t\t\t\t\t<ul>\n<li class=\"p1\"><span style=\"color: #151242;\"><strong>Presidente:<\/strong> Mons. Eduardo Mart\u00edn<\/span><\/li>\n<li class=\"p1\"><span style=\"color: #151242;\"><strong>Vicepresidente 1\u00b0:<\/strong> Pbro. Gabriel Fabi\u00e1n Monte<\/span><\/li>\n<li class=\"p1\"><span style=\"color: #151242;\"><strong>Vicepresidente 2\u00b0:<\/strong> Pbro. Alejandro Musarella<\/span><\/li>\n<li class=\"p1\"><span style=\"color: #151242;\"><strong>Directora:<\/strong> Carmen Olmedo<\/span><\/li>\n<li class=\"p1\"><span style=\"color: #151242;\"><strong>Vicedirectora:<\/strong> Silvina Vaghetti Jou<\/span><\/li>\n<li class=\"p1\"><span style=\"color: #151242;\"><strong>Secretario: <\/strong>Di\u00e1c. Perm. Juan Pablo Rubio<\/span><\/li>\n<li class=\"p1\"><span style=\"color: #151242;\"><strong>Tesorera:<\/strong>\u00a0Marcela J\u00e1pez<\/span><\/li>\n<li class=\"p1\"><span style=\"color: #151242;\"><strong>Pro-Tesorero<\/strong>: Ing. Fernando Mauro<\/span><\/li>\n<li class=\"p1\"><span style=\"color: #151242;\"><strong>Vocales:<\/strong> Alicia Jumilla, Silvana Caadahia, Elida Fern\u00e1ndez.<\/span><\/li>\n<\/ul>\t\t\t\t\t\t\t\t<\/div>\n\t\t\t\t<\/div>\n\t\t\t\t\t<\/div>\n\t\t<\/div>\n\t\t\t\t\t<\/div>\n\t\t<\/section>\n\t\t\t\t<section class=\"elementor-section elementor-top-section elementor-element elementor-element-6bd01b3 elementor-section-boxed elementor-section-height-default elementor-section-height-default\" data-id=\"6bd01b3\" data-element_type=\"section\">\n\t\t\t\t\t\t<div class=\"elementor-container elementor-column-gap-default\">\n\t\t\t\t\t<div class=\"elementor-column elementor-col-100 elementor-top-column elementor-element elementor-element-b69b7d4\" data-id=\"b69b7d4\" data-element_type=\"column\">\n\t\t\t<div class=\"elementor-widget-wrap elementor-element-populated\">\n\t\t\t\t\t\t<div class=\"elementor-element elementor-element-3fb6b3c elementor-widget elementor-widget-text-editor\" data-id=\"3fb6b3c\" data-element_type=\"widget\" data-widget_type=\"text-editor.default\">\n\t\t\t\t<div class=\"elementor-widget-container\">\n\t\t\t\t\t\t\t\t\t<p class=\"p1\"><span style=\"color: #0b1645;\">C\u00e1ritas Rosario se constituye legalmente en 1956, tiene su sede principal en Balcarce 1077, d\u00f3nde se encuentra: el dep\u00f3sito que recibe las donaciones de mercader\u00eda, muebles, ropa etc. Las oficinas administrativas y \u00e1reas institucionales.<\/span><\/p>\n<p class=\"p1\"><span style=\"color: #0b1645;\">Un Sal\u00f3n de Usos M\u00faltiples d\u00f3nde funciona el Costurero \u201cSanta Ana\u201d, se realizan cursos de capacitaci\u00f3n, encuentros, talleres, etc.\u00a0<\/span><\/p>\t\t\t\t\t\t\t\t<\/div>\n\t\t\t\t<\/div>\n\t\t\t\t\t<\/div>\n\t\t<\/div>\n\t\t\t\t\t<\/div>\n\t\t<\/section>\n\t\t\t\t<\/div>\n\t\t","protected":false},"excerpt":{"rendered":"<p>C\u00e1ritas lleva adelante la pastoral caritativa de la Iglesia Cat\u00f3lica. Anima, coordina y organiza dicha pastoral procurando generar y dar respuestas integrales a las problem\u00e1ticas de la pobreza desde los valores de la dignidad, la justicia y la solidaridad.\u00a0 C\u00e1ritas Rosario abarca toda la Arquidi\u00f3cesis de Rosario. Con 121 parroquias, 280 Capillas y casi 50&#8230;<\/p>\n","protected":false},"author":2,"featured_media":0,"parent":0,"menu_order":0,"comment_status":"closed","ping_status":"closed","template":"","meta":{"footnotes":""},"class_list":["post-4","page","type-page","status-publish","hentry"],"yoast_head":"<!-- This site is optimized with the Yoast SEO plugin v27.5 - https:\/\/yoast.com\/product\/yoast-seo-wordpress\/ -->\n<title>\u00bfQuienes Somos? - Caritas Rosario<\/title>\n<meta name=\"robots\" content=\"index, follow, max-snippet:-1, max-image-preview:large, max-video-preview:-1\" \/>\n<link rel=\"canonical\" href=\"https:\/\/caritasrosario.com.ar\/inicio\/quienes-somos\/\" \/>\n<meta property=\"og:locale\" content=\"es_ES\" \/>\n<meta property=\"og:type\" content=\"article\" \/>\n<meta property=\"og:title\" content=\"\u00bfQuienes Somos? - Caritas Rosario\" \/>\n<meta property=\"og:description\" content=\"C\u00e1ritas lleva adelante la pastoral caritativa de la Iglesia Cat\u00f3lica. Anima, coordina y organiza dicha pastoral procurando generar y dar respuestas integrales a las problem\u00e1ticas de la pobreza desde los valores de la dignidad, la justicia y la solidaridad.\u00a0 C\u00e1ritas Rosario abarca toda la Arquidi\u00f3cesis de Rosario. Con 121 parroquias, 280 Capillas y casi 50...\" \/>\n<meta property=\"og:url\" content=\"https:\/\/caritasrosario.com.ar\/inicio\/quienes-somos\/\" \/>\n<meta property=\"og:site_name\" content=\"Caritas Rosario\" \/>\n<meta property=\"article:modified_time\" content=\"2026-03-30T14:18:31+00:00\" \/>\n<meta name=\"twitter:card\" content=\"summary_large_image\" \/>\n<meta name=\"twitter:label1\" content=\"Tiempo de lectura\" \/>\n\t<meta name=\"twitter:data1\" content=\"1 minuto\" \/>\n<script type=\"application\/ld+json\" class=\"yoast-schema-graph\">{\"@context\":\"https:\\\/\\\/schema.org\",\"@graph\":[{\"@type\":\"WebPage\",\"@id\":\"https:\\\/\\\/caritasrosario.com.ar\\\/inicio\\\/quienes-somos\\\/\",\"url\":\"https:\\\/\\\/caritasrosario.com.ar\\\/inicio\\\/quienes-somos\\\/\",\"name\":\"\u00bfQuienes Somos? - Caritas Rosario\",\"isPartOf\":{\"@id\":\"https:\\\/\\\/caritasrosario.com.ar\\\/inicio\\\/#website\"},\"datePublished\":\"2021-04-01T21:26:19+00:00\",\"dateModified\":\"2026-03-30T14:18:31+00:00\",\"breadcrumb\":{\"@id\":\"https:\\\/\\\/caritasrosario.com.ar\\\/inicio\\\/quienes-somos\\\/#breadcrumb\"},\"inLanguage\":\"es\",\"potentialAction\":[{\"@type\":\"ReadAction\",\"target\":[\"https:\\\/\\\/caritasrosario.com.ar\\\/inicio\\\/quienes-somos\\\/\"]}]},{\"@type\":\"BreadcrumbList\",\"@id\":\"https:\\\/\\\/caritasrosario.com.ar\\\/inicio\\\/quienes-somos\\\/#breadcrumb\",\"itemListElement\":[{\"@type\":\"ListItem\",\"position\":1,\"name\":\"Portada\",\"item\":\"https:\\\/\\\/caritasrosario.com.ar\\\/inicio\\\/\"},{\"@type\":\"ListItem\",\"position\":2,\"name\":\"\u00bfQuienes Somos?\"}]},{\"@type\":\"WebSite\",\"@id\":\"https:\\\/\\\/caritasrosario.com.ar\\\/inicio\\\/#website\",\"url\":\"https:\\\/\\\/caritasrosario.com.ar\\\/inicio\\\/\",\"name\":\"Caritas Rosario\",\"description\":\"Bienvenidos\",\"publisher\":{\"@id\":\"https:\\\/\\\/caritasrosario.com.ar\\\/inicio\\\/#organization\"},\"potentialAction\":[{\"@type\":\"SearchAction\",\"target\":{\"@type\":\"EntryPoint\",\"urlTemplate\":\"https:\\\/\\\/caritasrosario.com.ar\\\/inicio\\\/?s={search_term_string}\"},\"query-input\":{\"@type\":\"PropertyValueSpecification\",\"valueRequired\":true,\"valueName\":\"search_term_string\"}}],\"inLanguage\":\"es\"},{\"@type\":\"Organization\",\"@id\":\"https:\\\/\\\/caritasrosario.com.ar\\\/inicio\\\/#organization\",\"name\":\"Caritas Rosario\",\"url\":\"https:\\\/\\\/caritasrosario.com.ar\\\/inicio\\\/\",\"logo\":{\"@type\":\"ImageObject\",\"inLanguage\":\"es\",\"@id\":\"https:\\\/\\\/caritasrosario.com.ar\\\/inicio\\\/#\\\/schema\\\/logo\\\/image\\\/\",\"url\":\"https:\\\/\\\/caritasrosario.com.ar\\\/inicio\\\/wp-content\\\/uploads\\\/2021\\\/04\\\/cropped-cropped-caritas.png\",\"contentUrl\":\"https:\\\/\\\/caritasrosario.com.ar\\\/inicio\\\/wp-content\\\/uploads\\\/2021\\\/04\\\/cropped-cropped-caritas.png\",\"width\":166,\"height\":199,\"caption\":\"Caritas Rosario\"},\"image\":{\"@id\":\"https:\\\/\\\/caritasrosario.com.ar\\\/inicio\\\/#\\\/schema\\\/logo\\\/image\\\/\"}}]}<\/script>\n<!-- \/ Yoast SEO plugin. -->","yoast_head_json":{"title":"\u00bfQuienes Somos? - Caritas Rosario","robots":{"index":"index","follow":"follow","max-snippet":"max-snippet:-1","max-image-preview":"max-image-preview:large","max-video-preview":"max-video-preview:-1"},"canonical":"https:\/\/caritasrosario.com.ar\/inicio\/quienes-somos\/","og_locale":"es_ES","og_type":"article","og_title":"\u00bfQuienes Somos? - Caritas Rosario","og_description":"C\u00e1ritas lleva adelante la pastoral caritativa de la Iglesia Cat\u00f3lica. Anima, coordina y organiza dicha pastoral procurando generar y dar respuestas integrales a las problem\u00e1ticas de la pobreza desde los valores de la dignidad, la justicia y la solidaridad.\u00a0 C\u00e1ritas Rosario abarca toda la Arquidi\u00f3cesis de Rosario. Con 121 parroquias, 280 Capillas y casi 50...","og_url":"https:\/\/caritasrosario.com.ar\/inicio\/quienes-somos\/","og_site_name":"Caritas Rosario","article_modified_time":"2026-03-30T14:18:31+00:00","twitter_card":"summary_large_image","twitter_misc":{"Tiempo de lectura":"1 minuto"},"schema":{"@context":"https:\/\/schema.org","@graph":[{"@type":"WebPage","@id":"https:\/\/caritasrosario.com.ar\/inicio\/quienes-somos\/","url":"https:\/\/caritasrosario.com.ar\/inicio\/quienes-somos\/","name":"\u00bfQuienes Somos? - Caritas Rosario","isPartOf":{"@id":"https:\/\/caritasrosario.com.ar\/inicio\/#website"},"datePublished":"2021-04-01T21:26:19+00:00","dateModified":"2026-03-30T14:18:31+00:00","breadcrumb":{"@id":"https:\/\/caritasrosario.com.ar\/inicio\/quienes-somos\/#breadcrumb"},"inLanguage":"es","potentialAction":[{"@type":"ReadAction","target":["https:\/\/caritasrosario.com.ar\/inicio\/quienes-somos\/"]}]},{"@type":"BreadcrumbList","@id":"https:\/\/caritasrosario.com.ar\/inicio\/quienes-somos\/#breadcrumb","itemListElement":[{"@type":"ListItem","position":1,"name":"Portada","item":"https:\/\/caritasrosario.com.ar\/inicio\/"},{"@type":"ListItem","position":2,"name":"\u00bfQuienes Somos?"}]},{"@type":"WebSite","@id":"https:\/\/caritasrosario.com.ar\/inicio\/#website","url":"https:\/\/caritasrosario.com.ar\/inicio\/","name":"Caritas Rosario","description":"Bienvenidos","publisher":{"@id":"https:\/\/caritasrosario.com.ar\/inicio\/#organization"},"potentialAction":[{"@type":"SearchAction","target":{"@type":"EntryPoint","urlTemplate":"https:\/\/caritasrosario.com.ar\/inicio\/?s={search_term_string}"},"query-input":{"@type":"PropertyValueSpecification","valueRequired":true,"valueName":"search_term_string"}}],"inLanguage":"es"},{"@type":"Organization","@id":"https:\/\/caritasrosario.com.ar\/inicio\/#organization","name":"Caritas Rosario","url":"https:\/\/caritasrosario.com.ar\/inicio\/","logo":{"@type":"ImageObject","inLanguage":"es","@id":"https:\/\/caritasrosario.com.ar\/inicio\/#\/schema\/logo\/image\/","url":"https:\/\/caritasrosario.com.ar\/inicio\/wp-content\/uploads\/2021\/04\/cropped-cropped-caritas.png","contentUrl":"https:\/\/caritasrosario.com.ar\/inicio\/wp-content\/uploads\/2021\/04\/cropped-cropped-caritas.png","width":166,"height":199,"caption":"Caritas Rosario"},"image":{"@id":"https:\/\/caritasrosario.com.ar\/inicio\/#\/schema\/logo\/image\/"}}]}},"_links":{"self":[{"href":"https:\/\/caritasrosario.com.ar\/inicio\/wp-json\/wp\/v2\/pages\/4","targetHints":{"allow":["GET"]}}],"collection":[{"href":"https:\/\/caritasrosario.com.ar\/inicio\/wp-json\/wp\/v2\/pages"}],"about":[{"href":"https:\/\/caritasrosario.com.ar\/inicio\/wp-json\/wp\/v2\/types\/page"}],"author":[{"embeddable":true,"href":"https:\/\/caritasrosario.com.ar\/inicio\/wp-json\/wp\/v2\/users\/2"}],"replies":[{"embeddable":true,"href":"https:\/\/caritasrosario.com.ar\/inicio\/wp-json\/wp\/v2\/comments?post=4"}],"version-history":[{"count":11,"href":"https:\/\/caritasrosario.com.ar\/inicio\/wp-json\/wp\/v2\/pages\/4\/revisions"}],"predecessor-version":[{"id":15804,"href":"https:\/\/caritasrosario.com.ar\/inicio\/wp-json\/wp\/v2\/pages\/4\/revisions\/15804"}],"wp:attachment":[{"href":"https:\/\/caritasrosario.com.ar\/inicio\/wp-json\/wp\/v2\/media?parent=4"}],"curies":[{"name":"wp","href":"https:\/\/api.w.org\/{rel}","templated":true}]}}